{"id":122,"date":"2021-08-04T12:03:22","date_gmt":"2021-08-04T12:03:22","guid":{"rendered":"https:\/\/cartarestaurante.eu\/hotelvittoriacolonna\/?page_id=122"},"modified":"2021-08-04T12:06:08","modified_gmt":"2021-08-04T12:06:08","slug":"ensaladas","status":"publish","type":"page","link":"https:\/\/cartarestaurante.eu\/hotelvittoriacolonna\/?page_id=122","title":{"rendered":"Ensaladas"},"content":{"rendered":"\n<table id=\"tablepress-8\" class=\"tablepress tablepress-id-8\">\n<thead>\n<tr class=\"row-1 odd\">\n\t<th class=\"column-1\">Productos<\/th><th class=\"column-2\">Precios<\/th>\n<\/tr>\n<\/thead>\n<tbody class=\"row-hover\">\n<tr class=\"row-2 even\">\n\t<td class=\"column-1\">Ensalada Cesar<\/td><td class=\"column-2\">9,00\u20ac<\/td>\n<\/tr>\n<tr class=\"row-3 odd\">\n\t<td class=\"column-1\">Ensalada de cecina de vaca y queso de oveja<\/td><td class=\"column-2\">12,00\u20ac<\/td>\n<\/tr>\n<tr class=\"row-4 even\">\n\t<td class=\"column-1\">Ensalada de ventresca, salm\u00f3n y piquillos<\/td><td class=\"column-2\">14,00\u20ac<\/td>\n<\/tr>\n<tr class=\"row-5 odd\">\n\t<td class=\"column-1\">Ensalada de rulo de cabra, nueces y perlas de bac\u00f3n<\/td><td class=\"column-2\">10,00\u20ac<\/td>\n<\/tr>\n<tr class=\"row-6 even\">\n\t<td class=\"column-1\">Ensalada de jam\u00f3n ib\u00e9rico, mel\u00f3n y manzana<\/td><td class=\"column-2\">12,00\u20ac<\/td>\n<\/tr>\n<\/tbody>\n<\/table>\n<!-- #tablepress-8 from cache -->\n","protected":false},"excerpt":{"rendered":"","protected":false},"author":1,"featured_media":0,"parent":0,"menu_order":0,"comment_status":"closed","ping_status":"closed","template":"","meta":[],"_links":{"self":[{"href":"https:\/\/cartarestaurante.eu\/hotelvittoriacolonna\/index.php?rest_route=\/wp\/v2\/pages\/122"}],"collection":[{"href":"https:\/\/cartarestaurante.eu\/hotelvittoriacolonna\/index.php?rest_route=\/wp\/v2\/pages"}],"about":[{"href":"https:\/\/cartarestaurante.eu\/hotelvittoriacolonna\/index.php?rest_route=\/wp\/v2\/types\/page"}],"author":[{"embeddable":true,"href":"https:\/\/cartarestaurante.eu\/hotelvittoriacolonna\/index.php?rest_route=\/wp\/v2\/users\/1"}],"replies":[{"embeddable":true,"href":"https:\/\/cartarestaurante.eu\/hotelvittoriacolonna\/index.php?rest_route=%2Fwp%2Fv2%2Fcomments&post=122"}],"version-history":[{"count":2,"href":"https:\/\/cartarestaurante.eu\/hotelvittoriacolonna\/index.php?rest_route=\/wp\/v2\/pages\/122\/revisions"}],"predecessor-version":[{"id":139,"href":"https:\/\/cartarestaurante.eu\/hotelvittoriacolonna\/index.php?rest_route=\/wp\/v2\/pages\/122\/revisions\/139"}],"wp:attachment":[{"href":"https:\/\/cartarestaurante.eu\/hotelvittoriacolonna\/index.php?rest_route=%2Fwp%2Fv2%2Fmedia&parent=122"}],"curies":[{"name":"wp","href":"https:\/\/api.w.org\/{rel}","templated":true}]}}

<table id="tablepress-8" class="tablepress tablepress-id-8">
<thead>
<tr class="row-1 odd">
	<th class="column-1">Productos</th><th class="column-2">Precios</th>
</tr>
</thead>
<tbody class="row-hover">
<tr class="row-2 even">
	<td class="column-1">Ensalada Cesar</td><td class="column-2">9,00€</td>
</tr>
<tr class="row-3 odd">
	<td class="column-1">Ensalada de cecina de vaca y queso de oveja</td><td class="column-2">12,00€</td>
</tr>
<tr class="row-4 even">
	<td class="column-1">Ensalada de ventresca, salmón y piquillos</td><td class="column-2">14,00€</td>
</tr>
<tr class="row-5 odd">
	<td class="column-1">Ensalada de rulo de cabra, nueces y perlas de bacón</td><td class="column-2">10,00€</td>
</tr>
<tr class="row-6 even">
	<td class="column-1">Ensalada de jamón ibérico, melón y manzana</td><td class="column-2">12,00€</td>
</tr>
</tbody>
</table>
<!-- #tablepress-8 from cache -->
